ivided by n?
4
Let o = 12224 + -12207. Calculate the remainder when 1211 is divided by o.
4
Calculate the remainder when 349 is divided by 3/12*1 - 2694/(-8).
12
Let s(j) = -3*j**3 - 11*j**2 + 21*j + 3. Let i(t) = t**3 + t + 1. Let w(p) = 4*i(p) + s(p). Calculate the remainder when w(9) is divided by 31.
8
Suppose -3*g - 126 + 78 = 0. Let a(t) = t**3 + 16*t**2 + 4*t + 68. Calculate the remainder when 18 is divided by a(g).
2
Suppose 4*t = 3*f + 30, f = 4*f + 6. Let j(i) = i**2 - 13*i - 3. Let z be j(t). Let b = 90 + z. What is the remainder when b is divided by 24?
21
Suppose -21*u = -57*u + 1656. Calculate the remainder when 872 is divided by u.
44
Suppose -z + 2*u = -11, 6*z + u + 23 = 10*z. Suppose 4*v + 0*v - 120 = -4*j, 5*j = z*v + 130. Calculate the remainder when j is divided by 19.
9
Let f(w) = 13*w - 137. Let b(d) = d**3 - 14*d**2 + 11*d + 38. Let s be b(13). What is the remainder when 69 is divided by f(s)?
12
Let z(k) = 3*k - 37. Let g be z(11). Let o be -4*(-2 - 7/g). Let m(d) = 118*d**2 - 2*d - 1. Calculate the remainder when m(o) is divided by 30.
25
Let l(s) = 6*s**2 + 14. Let z(n) = n**2 - n + 1. Let k(m) = l(m) - 5*z(m). Let w be k(-4). Suppose 8*h - 72 = w*h. What is the remainder when h is divided by 5?
4
Let w(j) = j**2 - 173*j + 8720. What is the remainder when w(0) is divided by 3?
2
Suppose 0 = 2*d - 3*k - 138, -12*d + 7*d + 345 = -2*k. What is the remainder when 216 is divided by d?
9
Suppose -4*w - 5*p + 44 + 73 = 0, -5*w - 3*p + 130 = 0. What is the remainder when 0 + 6/(-15) - 805/175 - -82 is divided by w?
8
Suppose 3*p = -5*l + 146, 0 = 4*p - p + 3*l - 156. Let u(f) = 3 - 3 + 17*f - 4*f**3 - f**2 - 18*f. Calculate the remainder when p is divided by u(-2).
27
Suppose -3*l + 5*x = -142, -3*l + 2*x = 6*x - 124. Suppose 4*m = k + 664, -21 - 477 = -3*m + k. What is the remainder when m is divided by l?
34
Suppose 5*q - 2*m - 9 + 0 = 0, 4*q + 5*m = 27. Suppose -230 = -3*y - 2*d + 7, q*d = 5*y - 376. What is the remainder when y is divided by 31?
15
Calculate the remainder when 370 is divided by 106/(-20) + 18/60 - -24.
9
Suppose 3*o - 58*q - 1885 = -54*q, 2*o - q - 1245 = 0. What is the remainder when o is divided by 32?
11
Suppose 4*v + 3876 = 8*v. Let c = v - 950. What is the remainder when c is divided by 2*3*(2 - 1)?
1
Let r = 143 + -253. Let u = r + 113. Calculate the remainder when 1*((12 - -1) + -2) is divided by u.
2
Let b be (10/4)/((-4)/64*-20). Suppose 0*w - 2*w = 4*g - 38, -b*g - 2*w + 24 = 0. Calculate the remainder when 17 is divided by g.
3
What is the remainder when ((-908)/3)/((-20)/30) is divided by 65?
64
Let y(f) = -7*f - 7. Let a be y(-1). Suppose 6*g + 6*g - 792 = a. Calculate the remainder when 42 + (g/(-30) - 1/(-5)) is divided by 12.
4
Calculate the remainder when 407 + (-7)/((-14)/12) + 4 is divided by 34.
9
Let t = -16 + 4. Suppose -b = 9*y + 2*y - 81, 4*b - 4*y = 36. What is the remainder when b is divided by 1/((-15)/t - 1)?
3
Let a(s) = 89*s**2 + 55*s - 135. What is the remainder when a(-11) is divided by 48?
45
Suppose 0*u - 5*u - 3*c + 2030 = 0, 0 = 5*c - 25. Calculate the remainder when u is divided by 65.
13
Suppose 65*n = -59*n - 114*n + 40698. Calculate the remainder when 7010 is divided by n.
170
Let p be ((-4)/2 - 1)/((-24)/(-2616)). Let l = p + 548. Calculate the remainder when l is divided by 37.
36
Let k(r) = 3*r**2 - 2*r - 67. Let f be k(-5). Suppose -f*o + 12 + 24 = 0. Calculate the remainder when 188 is divided by o.
0
Let j = 619 + -490. Suppose 3*r + k = j, 5*k - 14 = 2*r - 100. What is the remainder when 214 is divided by r?
42
Let v(s) = 4*s**2 - s + 3. Suppose 0 = u - 7, 15*u - 255 = -12*b + 18*u. What is the remainder when v(-3) is divided by b?
19
Let b = 3961 - 1246. What is the remainder when b is divided by 19?
17
Let i(b) = -b**2 + 25*b + 120. Let t be i(19). Suppose 2*w = 3*x + 473, -w + 0*w + t = -4*x. Calculate the remainder when w is divided by 10.
8
Let r = 8387 + -8182. What is the remainder when r is divided by 11?
7
Let z(j) = -j**2. Let q(g) = 9*g**2 + 4*g + 3. Let f(y) = q(y) + 4*z(y). Let i be f(-1). Suppose -i*k + 23 = -5. Calculate the remainder when k is divided by 2.
1
Let g(p) = 14*p + 2483. What is the remainder when g(26) is divided by 57?
54
Calculate the remainder when (-24)/4*-119 + 1*(13 + -11) is divided by 179.
0
Suppose -2820 = 18*u + 24*u - 72*u. Calculate the remainder when 2631 is divided by u.
93
Let v(y) = y**3 - y**2 + 7*y - 5. What is the remainder when v(5) is divided by (((-2002)/(-28))/(-13))/(3*(-2)/72)?
64
Calculate the remainder when -2*(-15392)/(-64)*-18*1 is divided by 20.
18
Let y(w) = -5*w**3 - 16*w**2 - w + 2517. What is the remainder when y(0) is divided by 9?
6
Let n = 12437 - 8063. Suppose 26*c = n - 890. What is the remainder when c is divided by (-54)/5*40/(-16)?
26
Suppose 4*d + y = 163, -190 = -9*d + 4*d - 4*y. Let x be ((-14)/2 - (-62)/(-3))*-3. Let i = x - d. Calculate the remainder when 155 is divided by i.
32
Let n = -38 - -70. Let u = n + -7. Calculate the remainder when u is divided by (-4)/118 - 5907/(-1947).
1
Suppose 3*r = -6, -25*f + 21*f + 3*r - 526 = 0. Let o = 173 + f. Calculate the remainder when o is divided by 27.
13
Suppose 0 = -3*j + 4 + 5. Suppose w - 45 = 33. Suppose -2*z - 3*h = j*z - w, z - 19 = -4*h. Calculate the remainder when 44 is divided by z.
14
Let x(y) = 17*y + 168. Let z be x(-2). Suppose 10*p + z - 284 = 0. Let s(h) = -h**3 - h**2 - 4*h - 3. Calculate the remainder when s(-3) is divided by p.
12
Suppose -9281 - 7830 = -71*w. Calculate the remainder when w is divided by 221.
20
Let n = -1334 + 1438. Calculate the remainder when 933 is divided by n.
101
Let g = -201 - -220. Suppose g*j = 4*j + 90. Calculate the remainder when 63 is divided by j.
3
Let o(d) = -d**3 + 7*d**2 - 6*d - 6. What is the remainder when (16 + 219 + -17)/((-2)/(-1)) is divided by o(5)?
11
Let t(o) = 265*o - 726. Suppose 62 = -q - 5*h + 26, 5*h + 4 = q. What is the remainder when t(3) is divided by ((-36)/q)/((-2)/(-16))?
15
Suppose 11 + 27 = 2*t. Suppose 0 = 7*m + 13*m - 400. Suppose 43*w - 48*w = -m. Calculate the remainder when t is divided by w.
3
Suppose 91 = 5*c + 3*m, 3*c - 93*m = -91*m + 66. Calculate the remainder when 210 is divided by c.
10
Suppose 2*n - 3*n + i + 7 = 0, 3*n - 2*i = 17. Suppose n*r - 70 = g - 60, -14 = -r - 5*g. What is the remainder when 40 is divided by r?
0
Suppose 4*n = 4*u - 20, -4*n + 3*u - 30 = u. Let c(m) = -m**3 - 7*m**2 + 6*m + 53. Calculate the remainder when c(n) is divided by 42.
41
Calculate the remainder when (-6 - 2382/36)/(5/6 - 1) is divided by 15.
13
Let b(g) = 16*g - 22. Let k be b(10). Let x = 31 - 7. Suppose -6*j + x = -k. Calculate the remainder when j is divided by 4.
3
Suppose 0 = -5*f + 928 + 2972. Suppose -f = -2*k - 11*k. What is the remainder when k is divided by 17?
9
Suppose -4*t = -q - 3286, 245*t - 3*q + 2442 = 248*t. What is the remainder when t is divided by 203?
8
Let k = -25470 - -27150. What is the remainder when k is divided by 11?
8
Let g(b) = 8*b**2 + 20*b + 78. What is the remainder when g(-10) is divided by 171?
165
Let f(k) = -k**2 + 74*k + 1663. What is the remainder when f(85) is divided by 18?
8
Let n(t) = 4*t**3 - 6*t**2 + 23*t - 93. Calculate the remainder when n(4) is divided by 73.
13
Let y = 370 - 347. Calculate the remainder when (-36)/(-24) + 7/(-2) + 413 is divided by y.
20
Let q be 6/(7 - 1)*-2*1. What is the remainder when 110 is divided by (22/(-55))/(q/185)?
36
Let u(o) = 39*o**3 - 7*o**2 - 9*o + 4. Let i(w) = 39*w**3 - 6*w**2 - 8*w + 3. Let p(t) = -5*i(t) + 4*u(t). What is the remainder when 720 is divided by p(-1)?
36
Let r(o) = -2*o**3 + 34*o**2 - 60*o + 756. Calculate the remainder when r(14) is divided by 11.
3
Let f(c) = 116*c**2 + 12*c - 133. What is the remainder when f(6) is divided by 6?
5
Let i = 137 + -77. Suppose -a = 3*h - 24, 2*h + 0*h - 16 = -5*a. Calculate the remainder when i is divided by (-4 - (-30)/8) + 170/h.
18
Suppose 4*z + 37*j - 36*j - 64 = 0, -j = 3*z - 48. What is the remainder when ((-2 - -13)*-4)/(-7 - -5) is divided by z?
6
Let p be (162/(-4))/((-9)/(-12)). Let k be (-9)/p + 34/12. Calculate the remainder when 16 is divided by (-3)/7 - ((-312)/42 + k).
0
Let v(h) = -2*h**3 + 134*h**2 - 128*h + 6